{"id":1493,"date":"2018-10-07T20:11:56","date_gmt":"2018-10-07T20:11:56","guid":{"rendered":"http:\/\/hurlingclub.ballinderreen.net\/?page_id=1493"},"modified":"2022-03-03T14:34:11","modified_gmt":"2022-03-03T14:34:11","slug":"membership","status":"publish","type":"page","link":"https:\/\/ballinderreen.ie\/hurling\/membership\/","title":{"rendered":"2022 Membership"},"content":{"rendered":"<div class='clearfix'>\n<div class='half'>Your <i><b>Club Membership<\/b><\/i> can be registered and paid online here.<br \/>\nSubscribe online to have your own Account, where full details on your Membership will always be available to you.<\/p>\n<p>Checkout the benefits of having membership at the bottom.<\/p>\n<p>Please click on the &#8220;<b>Club Memberships<\/b>&#8221; button or Add to Cart from <b>Membership Plans<\/b> listed below:<\/p>\n<\/div>\n<div class='half last'><span style=\"color: #008000;\">Is f\u00e9idir do Bhallra\u00edocht do Chlub a chl\u00e1r\u00fa agus a \u00edoc ar l\u00edne anseo.<br \/>\nLiost\u00e1il ar l\u00edne chun do Chuntas f\u00e9in a bheith agat, \u00e1it a mbeidh sonra\u00ed ioml\u00e1na ar do Bhallra\u00edocht ar f\u00e1il duit i gc\u00f3na\u00ed.&nbsp;<\/span><\/p>\n<p><span style=\"color: #008000;\">Seice\u00e1il na bunt\u00e1ist\u00ed a bhaineann le ballra\u00edocht a bheith ag bun an leathanaigh.&nbsp;<\/span><\/p>\n<p><span style=\"color: #008000;\">Clice\u00e1il ar an gcnaipe &#8220;Ballra\u00edocht Club&#8221; n\u00f3 ar cheann de na Pleananna Ballra\u00edochta at\u00e1 liostaithe th\u00edos:<\/div><\/span><br \/>\n<\/div>\n<div align=\"center\"><a title=\"Click here to pay your Ballinderreen Hurling Club Membership Online.\" href=\"http:\/\/www.myclubfinances.com\/memberships.asp?LL_ID=1577&amp;CLb=1\" target=\"_popup\" rel=\"noopener noreferrer\"><img loading=\"lazy\" src=\"http:\/\/www.myclubfinances.com\/supporting\/pics\/links\/club-memberships-red.gif\" alt=\"Click here to pay your Ballinderreen Hurling Club Membership Online.\" width=\"167\" vspace=\"2\" height=\"29\" border=\"0\" align=\"middle\"><\/a><\/div>\n<div align=\"center\">\n<p><i><b><span style=\"color: #e74f2f;\">Please do not register Camogie members here. If you wish to pay players membership for&nbsp;Camogie Club&nbsp;<span style=\"color: #ff0000;\"><a style=\"color: #ff0000;\" href=\"https:\/\/member.clubforce.com\/memberships_cart_m.asp?LL_ID=1808\" target=\"_blank\" rel=\"noopener noreferrer\">Go Here<\/a><\/span>.<\/span><\/b><\/i><\/p>\n<h2>Available Membership Plans<\/h2>\n<p><iframe loading=\"lazy\" id=\"Membership-plans\" style=\"border-top: 0px solid #3567C6; margin-top: 4px;\" src=\"http:\/\/www.myclubfinances.com\/membership-subscriptions.asp?ID=1577\" scrolling=\"auto\" width=\"100%\" height=\"350\" frameborder=\"0\"><\/iframe><\/p>\n<\/div>\n<div class='clearfix'>\n<div class='half'>\n<b>Benefits of membership include:<\/b><\/p>\n<ul>\n<li>Insurance for using the track<\/li>\n<li>Discounts on gym membership in the Oranmore Lodge<\/li>\n<li>Contributing to maintenance and upkeep of facilities<\/li>\n<li>Option to be included in draw for All Ireland hurling tickets<span style=\"color: #ff0000;\">*<\/span><br \/>\n<span style=\"color: #ff0000;\">*<\/span>Must pay by March 31st 2022<\/li>\n<\/ul>\n<\/div>\n<div class='half last'><b><span style=\"color: #008000;\">I measc na bunt\u00e1ist\u00ed a bhaineann le ballra\u00edocht t\u00e1:&nbsp;<\/span><\/b><\/p>\n<ul>\n<li><span style=\"color: #008000;\">\u00c1rachas chun an rian a \u00fas\u00e1id<\/span><\/li>\n<li><span style=\"color: #008000;\">Lascain\u00ed ar bhallra\u00edocht acla\u00edochta sa Oranmore Lodge<\/span><\/li>\n<li><span style=\"color: #008000;\">Cur le h\u00e1iseanna a chothabh\u00e1il agus a choinne\u00e1il<\/span><\/li>\n<li><span style=\"color: #008000;\">Rogha le bheith san \u00e1ireamh i dtr\u00e9imhse tic\u00e9id iom\u00e1na\u00edochta na h\u00c9ireann<\/span><span style=\"color: #ff0000;\">*<\/span><br \/>\n<span style=\"color: #ff0000;\">*<\/span><span style=\"color: #008000;\">N\u00ed m\u00f3r \u00edoc faoin 31st M\u00e1rta 2022<\/span><\/li>\n<\/ul>\n<\/div>\n<\/div>\n<div align=\"center\">\n<h2>Pay Offline<\/h2>\n<p><a href=\"http:\/\/ballinderreen.ie\/hurling\/wp-content\/uploads\/2018\/12\/Registration-Form.docx\"><strong><em>(click here to download Registration form, if you wish to do membership offline)<\/em><\/strong><\/a><br \/>\nPlease download and print the registration form. One form is required per registration so we do encourage paying online using the option above as it is more convenient. Please give the completed form(s) and money to one of our committee members for processing. Please also take the time to read our clubs <a href=\"http:\/\/ballinderreen.ie\/hurling\/index.php\/code-of-conduct\/\">Code of Conduct.<\/a><\/p>\n<\/div>\n","protected":false},"excerpt":{"rendered":"<p>Please do not register Camogie members here. If you wish to pay players membership for&nbsp;Camogie Club&nbsp;Go Here. Available Membership Plans Pay Offline (click here to download Registration form, if you wish to do membership offline) Please download and print the registration form. One form is required per registration so we do encourage paying online using [&hellip;]<\/p>\n","protected":false},"author":1,"featured_media":0,"parent":0,"menu_order":0,"comment_status":"closed","ping_status":"closed","template":"page-full-width.php","meta":{"ngg_post_thumbnail":0},"_links":{"self":[{"href":"https:\/\/ballinderreen.ie\/hurling\/wp-json\/wp\/v2\/pages\/1493"}],"collection":[{"href":"https:\/\/ballinderreen.ie\/hurling\/wp-json\/wp\/v2\/pages"}],"about":[{"href":"https:\/\/ballinderreen.ie\/hurling\/wp-json\/wp\/v2\/types\/page"}],"author":[{"embeddable":true,"href":"https:\/\/ballinderreen.ie\/hurling\/wp-json\/wp\/v2\/users\/1"}],"replies":[{"embeddable":true,"href":"https:\/\/ballinderreen.ie\/hurling\/wp-json\/wp\/v2\/comments?post=1493"}],"version-history":[{"count":29,"href":"https:\/\/ballinderreen.ie\/hurling\/wp-json\/wp\/v2\/pages\/1493\/revisions"}],"predecessor-version":[{"id":2206,"href":"https:\/\/ballinderreen.ie\/hurling\/wp-json\/wp\/v2\/pages\/1493\/revisions\/2206"}],"wp:attachment":[{"href":"https:\/\/ballinderreen.ie\/hurling\/wp-json\/wp\/v2\/media?parent=1493"}],"curies":[{"name":"wp","href":"https:\/\/api.w.org\/{rel}","templated":true}]}}